s -1 - -11222?
11221
In base 7, what is 13 + 1020?
1033
In base 11, what is 3 - -532?
535
In base 4, what is -1023 - -10?
-1013
In base 13, what is -2 - 172?
-174
In base 7, what is 0 - 2220?
-2220
In base 8, what is -5 - 70?
-75
In base 9, what is -1841 - -3?
-1837
In base 2, what is 10011 - 1011111?
-1001100
In base 10, what is -510 + -2?
-512
In base 11, what is 10 + 59?
69
In base 10, what is 676 - -3?
679
In base 6, what is 4223 + 1?
4224
In base 4, what is 0 - 102112?
-102112
In base 11, what is 3 - 387?
-384
In base 7, what is 52 - -4?
56
In base 3, what is 12 - 1111?
-1022
In base 9, what is 6 - -1201?
1207
In base 16, what is c1c + 7?
c23
In base 8, what is -125420 - -5?
-125413
In base 13, what is -c - -975?
966
In base 6, what is -42 - -5000?
4514
In base 11, what is 6 - -5?
10
In base 14, what is -1 - cb8?
-cb9
In base 3, what is -2002 + 22?
-1210
In base 10, what is -6 + 117?
111
In base 3, what is 2 + -2220?
-2211
In base 12, what is 1 - 20a9?
-20a8
In base 8, what is 5 + -34?
-27
In base 9, what is 242 + 1?
243
In base 9, what is 87 + -4?
83
In base 3, what is 101 + -1020?
-212
In base 14, what is -c + -8?
-16
In base 3, what is 110101 + -2101?
101000
In base 6, what is -2 - 223?
-225
In base 15, what is -8 + -8b?
-94
In base 2, what is 1110 - 10111110?
-10110000
In base 14, what is ca - 15?
b5
In base 3, what is -2001200 + -1?
-2001201
In base 3, what is -22 - 10200012?
-10200111
In base 11, what is -9 + -29?
-37
In base 4, what is 23001 - 32?
22303
In base 3, what is 1 + -101020?
-101012
In base 4, what is -231 + 123?
-102
In base 4, what is 0 - 1302203?
-1302203
In base 10, what is -15 + -34?
-49
In base 9, what is -2 - 10?
-12
In base 12, what is -5 + -23?
-28
In base 14, what is 5 - 1b2?
-1ab
In base 8, what is 12 + 1535?
1547
In base 12, what is 5 + -755?
-750
In base 6, what is 445424 + 1?
445425
In base 10, what is -6 + 48?
42
In base 16, what is 5 - 164?
-15f
In base 11, what is 2 + 44?
46
In base 2, what is -11010010 + -1?
-11010011
In base 3, what is -100 - -10?
-20
In base 4, what is -113 + 220?
101
In base 15, what is b0e - -2?
b11
In base 6, what is 5424 - 1?
5423
In base 13, what is -24 + 65?
41
In base 4, what is 2300 + 3?
2303
In base 7, what is 43 - -66?
142
In base 4, what is 20113 - -23?
20202
In base 4, what is -122102 - 3?
-122111
In base 14, what is -51 - -4?
-4b
In base 8, what is 72 - 17?
53
In base 13, what is 6a4b - -2?
6a50
In base 15, what is -1 - -3b?
3a
In base 13, what is 2 + -421?
-41c
In base 10, what is 2 - 9847?
-9845
In base 5, what is 3 - -1311?
1314
In base 5, what is -3 - -1133?
1130
In base 2, what is -100010011 + 101?
-100001110
In base 8, what is -736 - 10?
-746
In base 10, what is 1 - 37?
-36
In base 2, what is 111 + -1000100?
-111101
In base 14, what is -5 - 127?
-12c
In base 5, what is -100 + -422?
-1022
In base 12, what is 13 + 10?
23
In base 9, what is 1 - -505?
506
In base 9, what is 4 - -13?
17
In base 11, what is 1084 - 2?
1082
In base 10, what is 7938 + -1?
7937
In base 15, what is 5 + 11?
16
In base 9, what is -20 + 6?
-13
In base 14, what is -2d - 4?
-33
In base 8, what is 1 - -3?
4
In base 3, what is 101220102 + 2?
101220111
In base 15, what is 571 + -1?
570
In base 5, what is -2 - -44314?
44312
In base 9, what is 1 + 55?
56
In base 10, what is -39 - 0?
-39
In base 16, what is 0 + -9?
-9
In base 16, what is -b7 + 1?
-b6
In base 5, what is -3 - 220?
-223
In base 8, what is -5 - 1030?
-1035
In base 3, what is -102212210 + 11?
-102212122
In base 3, what is -120010 + 12?
-112221
In base 4, what is 11 + -121130?
-121113
In base 12, what is 21 - -114?
135
In base 4, what is -3102 + 1301?
-1201
In base 13, what is -128 - 14?
-13c
In base 3, what is 11 + 100122?
100210
In base 8, what is -1 - 127?
-130
In base 4, what is -331012 + 3?
-331003
In base 3, what is -12 + -22?
-111
In base 14, what is 2c6 - -6?
2cc
In base 6, what is -224 - 5?
-233
In base 10, what is 75 + -1?
74
In base 4, what is 1012 + -10?
1002
In base 5, what is 413 - -3?
421
In base 8, what is 4 - -377?
403
In base 6, what is 20100 - 2?
20054
In base 9, what is 1 + -2184?
-2183
In base 12, what is 265 - 4?
261
In base 11, what is 0 + 29?
29
In base 9, what is -1433 - -2?
-1431
In base 12, what is -2 - ba?
-100
In base 11, what is 0 + 1911?
1911
In base 11, what is -1 - -20?
1a
In base 8, what is -2 - 2322?
-2324
In base 4, what is 12 - -102?
120
In base 8, what is -51 + 41?
-10
In base 3, what is -22 - -101210?
101111
In base 13, what is 1 - -82?
83
In base 6, what is -3033 + 2?
-3031
In base 12, what is 75 - 3?
72
In base 7, what is -35 + -3?
-41
In base 13, what is -174 - 1?
-175
In base 7, what is -2 + -33?
-35
In base 4, what is 3 - -130?
133
In base 4, what is 21020 + 10?
21030
In base 15, what is 4 + -11?
-c
In base 3, what is -120 - 12200?
-20020
In base 3, what is -21 - -2100110?
2100012
In base 11, what is -2 - -450?
449
In base 10, what is 6 + -1666?
-1660
In base 3, what is 101012221 + 1?
101012222
In base 4, what is -2101 + 1?
-2100
In base 7, what is -604 - 4?
-611
In base 3, what is 110012 + 0?
110012
In base 12, what is 1450 + 3?
1453
In base 8, what is -146 - 5?
-153
In base 11, what is 5125 + -4?
5121
In base 2, what is 1000 - -10001?
11001
In base 3, what is -100 - 102?
-202
In base 6, what is -4 + -1030?
-1034
In base 9, what is -2 - 5?
-7
In base 7, what is 15 + 361?
406
In base 6, what is 2124 + 2?
2130
In base 6, what is 233013 + -1?
233012
In base 11, what is -49 - 21?
-6a
In base 10, what is 106 - -2?
108
In base 13, what is 31 + -2?
2c
In base 16, what is 3 - -2?
5
In base 9, what is 0 - -565?
565
In base 14, what is 29 - 14?
15
In base 2, what is 1100 + 110?
10010
In base 8, what is 72 - -13?
105
In base 14, what is -21 + 5?
-1a
In base 5, what is -3 + -2131?
-2134
In base 7, what is 5 - -30?
35
In base 8, what is -140 + 42?
-76
In base 16, what is -7 + -c4?
-cb
In base 11, what is 3 + -135?
-132
In base 13, what is 48 + 13?
5b
In base 6, what is 45 - -34?
123
In base 7, what is 5 - -45?
53
In base 2, what is -100 - -111101010?
111100110
In base 8, what is -44265 - 1?
-44266
In base 7, what is -2 + -2544?
-2546
In base 15, what is 5 + 991?
996
In base 8, what is -4 + -74?
-100
In base 4, what is -1102231 + -2?
-1102233
In base 16, what is -65f + f?
-650
In base 6, what is 24 + 3?
31
In base 15, what is 8 - -d6?
de
In base 9, what is 55 - 12?
43
In base 7, what is 653 - -3?
656
In base 12, what is -106 - 4?
-10a
In base 2, what is 1101101 - -11001?
10000110
In base 6, what is -2 + 310?
304
In base 10, what is -354 + -9?
-363
In base 3, what is -1222102 - -1?
-1222101
In base 6, what is -1430 + -100?
-1530
In base 6, what is -4 + -4251?
-4255
In base 10, what is 440 - -5?
445
In base 15, what is d - 3a7?
-399
In base 2, what is 10 - 1101001110011?
-1101001110001
In base 8, what is 4 - 174?
-170
In base 9, what is -3 - -45?
42
In base 4, what is 120320 - -10?
120330
In base 12, what is 200 - -11?
211
In base 3, what is -21200 + 12?
-21111
In base 14, what is -1c2c - 3?
-1c31
In base 6, what is -10 - 2353?
-2403
In base 7, what is 5 - -144?
152
In base 6, what is -3 + 4451?
4444
In base 8, what is 22 - 0?
22
In base 6, what is -21 + 215?
154
In base 3, what is -112120 - 10?
-112200
In base 15, what is 16 - -2a?
41
In base 4, what is 1212 + 2?
1220
In base 2, what is 100111 - 110011010?
-101110011
In base 9, what is -5 - 514?
-520
In base 8, what is 14 + 337?
353
In base 16, what is -1 + 27b?
27a
In base 12, what is -4 + 667?
663
In base 12, what is -71 + -17b?
-230
In base 4, what is 2222 - -103?
2331
In base 16, what is -2d4 + 1?
-2d3
In base 10, what is -649 + -1?
-650
In base 4, what is 121 + 132?
313
In base 4, what is 10 - -110?
120
In base 3, what is -2210 + -12?
-2222
In base 5, what is -1 - 2222?
-2223
In base 14, what is 0 - 2?
-2
In base 4, what is -10130 + -2?
-10132
In base 16, what is -5b + 76?
1b
In base 13, what is 564 + -3?
561
In base 11, what is -109 - -10?
-a9
In base 11, what is 30 + a1?
121
In base 6, what is 4352 + 2?
4354
In base 8, what is 22 - 114?
-72
In base 9, what is 2 - 340?
-337
In base 7, what is 340 + 1?
341
In base 9, what is -21 + 146?
125
In base 6, what is 245 - 30?
215
In base 12, what is 6 + -463?
-459
In base 4, what is -1202 - 2?
-1210
In base 15, w